{"id":14,"date":"2026-05-03T12:48:53","date_gmt":"2026-05-03T12:48:53","guid":{"rendered":"https:\/\/test.tedem.fr\/?page_id=14"},"modified":"2026-05-03T12:48:53","modified_gmt":"2026-05-03T12:48:53","slug":"chauffe-par-infrarouge","status":"publish","type":"page","link":"https:\/\/test.tedem.fr\/index.php\/chauffe-par-infrarouge\/","title":{"rendered":"Chauffe par Infrarouge"},"content":{"rendered":"\n<h2 class=\"wp-block-heading\">Chauffe par infrarouge<\/h2>\n\n\n\n<h3 class=\"wp-block-heading\">Ajuster pr\u00e9cis\u00e9ment le profil de la barrique<\/h3>\n\n\n\n<p>En compl\u00e9ment de la r\u00e9g\u00e9n\u00e9ration INFINI by TEDEM,<br>il est possible d\u2019adapter le profil aromatique des barriques<br>gr\u00e2ce \u00e0 un syst\u00e8me de chauffe par infrarouge.<\/p>\n\n\n\n<p>Cette technique permet une mont\u00e9e en temp\u00e9rature pr\u00e9cise,<br>contr\u00f4l\u00e9e et homog\u00e8ne, sans alt\u00e9rer la structure du bois.<\/p>\n\n\n\n<hr class=\"wp-block-separator has-alpha-channel-opacity\"\/>\n\n\n\n<h2 class=\"wp-block-heading\"> Une chauffe ma\u00eetris\u00e9e<\/h2>\n\n\n\n<p>La chauffe par infrarouge permet :<\/p>\n\n\n\n<ul class=\"wp-block-list\">\n<li>d\u2019ajuster le niveau de toast<\/li>\n\n\n\n<li>de renforcer ou orienter le profil aromatique<\/li>\n\n\n\n<li>de r\u00e9pondre \u00e0 des besoins sp\u00e9cifiques (vin ou spiritueux)<\/li>\n\n\n\n<li>d\u2019intervenir apr\u00e8s r\u00e9g\u00e9n\u00e9ration pour revaloriser la barrique<\/li>\n<\/ul>\n\n\n\n<hr class=\"wp-block-separator has-alpha-channel-opacity\"\/>\n\n\n\n<h2 class=\"wp-block-heading\"> Les diff\u00e9rents niveaux de chauffe<\/h2>\n\n\n\n<figure class=\"wp-block-image size-full is-style-default\"><img loading=\"lazy\" decoding=\"async\" width=\"940\" height=\"576\" src=\"https:\/\/test.tedem.fr\/wp-content\/uploads\/2026\/05\/image-1.png\" alt=\"\" class=\"wp-image-15\" srcset=\"https:\/\/test.tedem.fr\/wp-content\/uploads\/2026\/05\/image-1.png 940w, https:\/\/test.tedem.fr\/wp-content\/uploads\/2026\/05\/image-1-300x184.png 300w, https:\/\/test.tedem.fr\/wp-content\/uploads\/2026\/05\/image-1-768x471.png 768w\" sizes=\"auto, (max-width: 940px) 100vw, 940px\" \/><\/figure>\n\n\n\n<h3 class=\"wp-block-heading\">Chauffe l\u00e9g\u00e8re<\/h3>\n\n\n\n<p>Bois\u00e9 discret, notes fra\u00eeches et min\u00e9rales<br>\ud83d\udc49 id\u00e9al pour blancs et profils d\u00e9licats<\/p>\n\n\n\n<h3 class=\"wp-block-heading\">Chauffe moyenne<\/h3>\n\n\n\n<p>\u00c9quilibre entre rondeur et complexit\u00e9<br>\ud83d\udc49 notes grill\u00e9es, \u00e9pices, l\u00e9g\u00e8re sucrosit\u00e9<\/p>\n\n\n\n<h3 class=\"wp-block-heading\">Chauffe moyenne +<\/h3>\n\n\n\n<p>Profil plus marqu\u00e9, notes torr\u00e9fi\u00e9es<br>\ud83d\udc49 apporte structure et intensit\u00e9<\/p>\n\n\n\n<h3 class=\"wp-block-heading\">Chauffe forte<\/h3>\n\n\n\n<p>Bois\u00e9 puissant, notes grill\u00e9es et \u00e9pic\u00e9es<br>\ud83d\udc49 adapt\u00e9 aux vins concentr\u00e9s<\/p>\n\n\n\n<hr class=\"wp-block-separator has-alpha-channel-opacity\"\/>\n\n\n\n<h2 class=\"wp-block-heading\"> Option spiritueux \u2013 chauffe \u201cchar\u201d<\/h2>\n\n\n\n<div class=\"wp-block-cover is-light\"><img loading=\"lazy\" decoding=\"async\" width=\"1024\" height=\"1024\" class=\"wp-block-cover__image-background wp-image-18 size-large\" alt=\"\" src=\"https:\/\/test.tedem.fr\/wp-content\/uploads\/2026\/05\/20260415_112523-1-1024x1024.jpg\" style=\"object-position:35% 47%\" data-object-fit=\"cover\" data-object-position=\"35% 47%\" srcset=\"https:\/\/test.tedem.fr\/wp-content\/uploads\/2026\/05\/20260415_112523-1-1024x1024.jpg 1024w, https:\/\/test.tedem.fr\/wp-content\/uploads\/2026\/05\/20260415_112523-1-300x300.jpg 300w, https:\/\/test.tedem.fr\/wp-content\/uploads\/2026\/05\/20260415_112523-1-150x150.jpg 150w, https:\/\/test.tedem.fr\/wp-content\/uploads\/2026\/05\/20260415_112523-1-768x768.jpg 768w, https:\/\/test.tedem.fr\/wp-content\/uploads\/2026\/05\/20260415_112523-1-1536x1536.jpg 1536w, https:\/\/test.tedem.fr\/wp-content\/uploads\/2026\/05\/20260415_112523-1-2048x2048.jpg 2048w\" sizes=\"auto, (max-width: 1024px) 100vw, 1024px\" \/><span aria-hidden=\"true\" class=\"wp-block-cover__background has-background-dim\" style=\"background-color:#c37842\"><\/span><div class=\"wp-block-cover__inner-container is-layout-flow wp-block-cover-is-layout-flow\">\n<figure class=\"wp-block-image size-large is-resized\"><img loading=\"lazy\" decoding=\"async\" width=\"1024\" height=\"1024\" src=\"https:\/\/test.tedem.fr\/wp-content\/uploads\/2026\/05\/20260304_152935-1024x1024.jpg\" alt=\"\" class=\"wp-image-19\" style=\"width:249px;height:auto\" srcset=\"https:\/\/test.tedem.fr\/wp-content\/uploads\/2026\/05\/20260304_152935-1024x1024.jpg 1024w, https:\/\/test.tedem.fr\/wp-content\/uploads\/2026\/05\/20260304_152935-300x300.jpg 300w, https:\/\/test.tedem.fr\/wp-content\/uploads\/2026\/05\/20260304_152935-150x150.jpg 150w, https:\/\/test.tedem.fr\/wp-content\/uploads\/2026\/05\/20260304_152935-768x768.jpg 768w, https:\/\/test.tedem.fr\/wp-content\/uploads\/2026\/05\/20260304_152935-1536x1536.jpg 1536w, https:\/\/test.tedem.fr\/wp-content\/uploads\/2026\/05\/20260304_152935-2048x2048.jpg 2048w\" sizes=\"auto, (max-width: 1024px) 100vw, 1024px\" \/><\/figure>\n<\/div><\/div>\n\n\n\n<p>Pour les applications en spiritueux,<br>les barriques peuvent \u00eatre chauff\u00e9es en mode \u201cchar\u201d.<\/p>\n\n\n\n<p>Traitement chauffe par Infrarouge suivie d&#8217;une finition \u00e0 la flamme.<\/p>\n\n\n\n<p>Cette chauffe permet :<\/p>\n\n\n\n<ul class=\"wp-block-list\">\n<li>une carbonisation de surface<\/li>\n\n\n\n<li>un d\u00e9veloppement aromatique intense<\/li>\n\n\n\n<li>une adaptation aux profils whisky, rhum ou autres spiritueux<\/li>\n<\/ul>\n\n\n\n<hr class=\"wp-block-separator has-alpha-channel-opacity\"\/>\n\n\n\n<h2 class=\"wp-block-heading\">\u2699\ufe0f Une approche sur mesure<\/h2>\n\n\n\n<p>Chaque chauffe est adapt\u00e9e en fonction :<\/p>\n\n\n\n<ul class=\"wp-block-list\">\n<li>du type de produit (vin ou spiritueux)<\/li>\n\n\n\n<li>du profil recherch\u00e9<\/li>\n\n\n\n<li>du niveau d\u2019intensit\u00e9 souhait\u00e9<\/li>\n<\/ul>\n","protected":false},"excerpt":{"rendered":"<p>Chauffe par infrarouge Ajuster pr\u00e9cis\u00e9ment le profil de la barrique En compl\u00e9ment de la r\u00e9g\u00e9n\u00e9ration INFINI by TEDEM,il est possible d\u2019adapter le profil aromatique des barriquesgr\u00e2ce \u00e0 un syst\u00e8me de chauffe par infrarouge. Cette technique permet une mont\u00e9e en temp\u00e9rature pr\u00e9cise,contr\u00f4l\u00e9e et homog\u00e8ne, sans alt\u00e9rer la structure du bois. Une chauffe ma\u00eetris\u00e9e La chauffe par [&hellip;]<\/p>\n","protected":false},"author":1,"featured_media":0,"parent":0,"menu_order":0,"comment_status":"closed","ping_status":"closed","template":"","meta":{"footnotes":""},"class_list":["post-14","page","type-page","status-publish","hentry"],"_links":{"self":[{"href":"https:\/\/test.tedem.fr\/index.php\/wp-json\/wp\/v2\/pages\/14","targetHints":{"allow":["GET"]}}],"collection":[{"href":"https:\/\/test.tedem.fr\/index.php\/wp-json\/wp\/v2\/pages"}],"about":[{"href":"https:\/\/test.tedem.fr\/index.php\/wp-json\/wp\/v2\/types\/page"}],"author":[{"embeddable":true,"href":"https:\/\/test.tedem.fr\/index.php\/wp-json\/wp\/v2\/users\/1"}],"replies":[{"embeddable":true,"href":"https:\/\/test.tedem.fr\/index.php\/wp-json\/wp\/v2\/comments?post=14"}],"version-history":[{"count":1,"href":"https:\/\/test.tedem.fr\/index.php\/wp-json\/wp\/v2\/pages\/14\/revisions"}],"predecessor-version":[{"id":20,"href":"https:\/\/test.tedem.fr\/index.php\/wp-json\/wp\/v2\/pages\/14\/revisions\/20"}],"wp:attachment":[{"href":"https:\/\/test.tedem.fr\/index.php\/wp-json\/wp\/v2\/media?parent=14"}],"curies":[{"name":"wp","href":"https:\/\/api.w.org\/{rel}","templated":true}]}}

<h2 class="wp-block-heading">Chauffe par infrarouge</h2>



<h3 class="wp-block-heading">Ajuster précisément le profil de la barrique</h3>



<p>En complément de la régénération INFINI by TEDEM,<br>il est possible d’adapter le profil aromatique des barriques<br>grâce à un système de chauffe par infrarouge.</p>



<p>Cette technique permet une montée en température précise,<br>contrôlée et homogène, sans altérer la structure du bois.</p>



<hr class="wp-block-separator has-alpha-channel-opacity"/>



<h2 class="wp-block-heading"> Une chauffe maîtrisée</h2>



<p>La chauffe par infrarouge permet :</p>



<ul class="wp-block-list">
<li>d’ajuster le niveau de toast</li>



<li>de renforcer ou orienter le profil aromatique</li>



<li>de répondre à des besoins spécifiques (vin ou spiritueux)</li>



<li>d’intervenir après régénération pour revaloriser la barrique</li>
</ul>



<hr class="wp-block-separator has-alpha-channel-opacity"/>



<h2 class="wp-block-heading"> Les différents niveaux de chauffe</h2>



<figure class="wp-block-image size-full is-style-default"><img loading="lazy" decoding="async" width="940" height="576" src="https://test.tedem.fr/wp-content/uploads/2026/05/image-1.png" alt="" class="wp-image-15" srcset="https://test.tedem.fr/wp-content/uploads/2026/05/image-1.png 940w, https://test.tedem.fr/wp-content/uploads/2026/05/image-1-300x184.png 300w, https://test.tedem.fr/wp-content/uploads/2026/05/image-1-768x471.png 768w" sizes="auto, (max-width: 940px) 100vw, 940px" /></figure>



<h3 class="wp-block-heading">Chauffe légère</h3>



<p>Boisé discret, notes fraîches et minérales<br>👉 idéal pour blancs et profils délicats</p>



<h3 class="wp-block-heading">Chauffe moyenne</h3>



<p>Équilibre entre rondeur et complexité<br>👉 notes grillées, épices, légère sucrosité</p>



<h3 class="wp-block-heading">Chauffe moyenne +</h3>



<p>Profil plus marqué, notes torréfiées<br>👉 apporte structure et intensité</p>



<h3 class="wp-block-heading">Chauffe forte</h3>



<p>Boisé puissant, notes grillées et épicées<br>👉 adapté aux vins concentrés</p>



<hr class="wp-block-separator has-alpha-channel-opacity"/>



<h2 class="wp-block-heading"> Option spiritueux – chauffe “char”</h2>



<div class="wp-block-cover is-light"><img loading="lazy" decoding="async" width="1024" height="1024" class="wp-block-cover__image-background wp-image-18 size-large" alt="" src="https://test.tedem.fr/wp-content/uploads/2026/05/20260415_112523-1-1024x1024.jpg" style="object-position:35% 47%" data-object-fit="cover" data-object-position="35% 47%" srcset="https://test.tedem.fr/wp-content/uploads/2026/05/20260415_112523-1-1024x1024.jpg 1024w, https://test.tedem.fr/wp-content/uploads/2026/05/20260415_112523-1-300x300.jpg 300w, https://test.tedem.fr/wp-content/uploads/2026/05/20260415_112523-1-150x150.jpg 150w, https://test.tedem.fr/wp-content/uploads/2026/05/20260415_112523-1-768x768.jpg 768w, https://test.tedem.fr/wp-content/uploads/2026/05/20260415_112523-1-1536x1536.jpg 1536w, https://test.tedem.fr/wp-content/uploads/2026/05/20260415_112523-1-2048x2048.jpg 2048w" sizes="auto, (max-width: 1024px) 100vw, 1024px" /><span aria-hidden="true" class="wp-block-cover__background has-background-dim" style="background-color:#c37842"></span><div class="wp-block-cover__inner-container is-layout-flow wp-block-cover-is-layout-flow">
<figure class="wp-block-image size-large is-resized"><img loading="lazy" decoding="async" width="1024" height="1024" src="https://test.tedem.fr/wp-content/uploads/2026/05/20260304_152935-1024x1024.jpg" alt="" class="wp-image-19" style="width:249px;height:auto" srcset="https://test.tedem.fr/wp-content/uploads/2026/05/20260304_152935-1024x1024.jpg 1024w, https://test.tedem.fr/wp-content/uploads/2026/05/20260304_152935-300x300.jpg 300w, https://test.tedem.fr/wp-content/uploads/2026/05/20260304_152935-150x150.jpg 150w, https://test.tedem.fr/wp-content/uploads/2026/05/20260304_152935-768x768.jpg 768w, https://test.tedem.fr/wp-content/uploads/2026/05/20260304_152935-1536x1536.jpg 1536w, https://test.tedem.fr/wp-content/uploads/2026/05/20260304_152935-2048x2048.jpg 2048w" sizes="auto, (max-width: 1024px) 100vw, 1024px" /></figure>
</div></div>



<p>Pour les applications en spiritueux,<br>les barriques peuvent être chauffées en mode “char”.</p>



<p>Traitement chauffe par Infrarouge suivie d&#8217;une finition à la flamme.</p>



<p>Cette chauffe permet :</p>



<ul class="wp-block-list">
<li>une carbonisation de surface</li>



<li>un développement aromatique intense</li>



<li>une adaptation aux profils whisky, rhum ou autres spiritueux</li>
</ul>



<hr class="wp-block-separator has-alpha-channel-opacity"/>



<h2 class="wp-block-heading">⚙️ Une approche sur mesure</h2>



<p>Chaque chauffe est adaptée en fonction :</p>



<ul class="wp-block-list">
<li>du type de produit (vin ou spiritueux)</li>



<li>du profil recherché</li>



<li>du niveau d’intensité souhaité</li>
</ul>

<p>Chauffe par infrarouge Ajuster précisément le profil de la barrique En complément de la régénération INFINI by TEDEM,il est possible d’adapter le profil aromatique des barriquesgrâce à un système de chauffe par infrarouge. Cette technique permet une montée en température précise,contrôlée et homogène, sans altérer la structure du bois. Une chauffe maîtrisée La chauffe par [&hellip;]</p>
